{"id":26,"date":"2016-04-13T22:48:51","date_gmt":"2016-04-13T20:48:51","guid":{"rendered":"http:\/\/www.isme-digital.de\/?page_id=26"},"modified":"2020-10-13T10:41:51","modified_gmt":"2020-10-13T08:41:51","slug":"moovies","status":"publish","type":"page","link":"https:\/\/www.mshdigital.de\/index.php\/moovies\/","title":{"rendered":"MSH Moovies &#8211; DAS Transportmittel f\u00fcr Ihre Inhalte"},"content":{"rendered":"[spb_slider revslider_shortcode=&#8220;slider-2-1&#8243; width=&#8220;1\/1&#8243; el_position=&#8220;first last&#8220;] [fullwidth_text alt_background=&#8220;none&#8220; width=&#8220;1\/1&#8243; el_position=&#8220;first last&#8220;]\n<h1 style=\"text-align: center;\">Was k\u00f6nnen Filme?<\/h1>\n<p>&nbsp;<\/p>\n<p style=\"text-align: left;\">Gute Filme wirken nach au\u00dfen: Sie k\u00f6nnen Hits im Internet werden (virales Marketing) und wirken sich enorm auf den Erfolg eines Unternehmens aus. Ein guter Film kann aber auch nach innen wirken, um Mitarbeitern \u00c4ngste zu nehmen und Vertrauen zu schaffen. Nat\u00fcrlich unterst\u00fctzen die Filme auch\u00a0 Mitarbeiter im Au\u00dfendienst, die gl\u00fccklich dar\u00fcber sind, ein weiteres \u00dcberzeugungsinstrument mit ins Kundengespr\u00e4ch oder auf die Messe nehmen zu k\u00f6nnen.<\/p>\n<p style=\"text-align: left;\">Auch Kunden profitieren von Filmen: Ihnen werden die Vorz\u00fcge von bestimmten Produkten erl\u00e4utert oder es wird ihnen eine leicht verst\u00e4ndliche Wartungsanleitung gegeben.<\/p>\n<p style=\"text-align: left;\">Dabei gilt: Menschen wollen lieber unterhalten werden, als ein Erkl\u00e4r-Video zu sehen \u2013 ein gut gestalteter Film kann das.<\/p>\n<p style=\"text-align: left;\">Produkte, Funktionsweisen und Wartung werden viel leichter verst\u00e4ndlich, wenn man sie in bewegten Bildern wiedergibt. Das gilt besonders f\u00fcr das Erlangen und Ein\u00fcben neuer F\u00e4higkeiten: Es ist einfach angenehmer, einen kurzen Film anzuschauen, als einen langen Text zu lesen. In unseren Ver\u00e4nderungsprozessen nutzen wir diesen Vorteil schon lange.<\/p>\n[\/fullwidth_text] [blank_spacer height=&#8220;30px&#8220; width=&#8220;1\/1&#8243; el_position=&#8220;first last&#8220;] [fullwidth_text alt_background=&#8220;none&#8220; width=&#8220;1\/1&#8243; el_position=&#8220;first last&#8220;]\n<h1 style=\"text-align: center;\">In welchen Bereichen k\u00f6nnen Sie<\/h1>\n<h1 style=\"text-align: center;\">unsere Moovies einsetzen?<\/h1>\n[\/fullwidth_text] [spb_tabs width=&#8220;1\/1&#8243; el_position=&#8220;first last&#8220;] [spb_tab title=&#8220;Motivationsfilme&#8220; icon=&#8220;&#8220; id=&#8220;&#8220;] [spb_text_block pb_margin_bottom=&#8220;no&#8220; pb_border_bottom=&#8220;no&#8220; width=&#8220;1\/1&#8243; el_position=&#8220;first last&#8220;]\n<p>Ihre Mitarbeiter sind es heute gewohnt, Informationen spielerisch aufzunehmen. Ein unterhaltsamer Motivationsfilm kann das am besten. MSH Moovies werden so produziert, dass sie \u00fcber Jahre aktuell sind.<\/p>\n[\/spb_text_block] [\/spb_tab] [spb_tab title=&#8220;Recruiting Filme&#8220; icon=&#8220;&#8220; id=&#8220;&#8220;] [spb_text_block pb_margin_bottom=&#8220;no&#8220; pb_border_bottom=&#8220;no&#8220; width=&#8220;1\/1&#8243; el_position=&#8220;first last&#8220;]\n<p>Heute bem\u00fchen sich Firmen und Organisationen um die besten Mitarbeiter. Ein Unternehmen oder eine Organisation kann sich mit dem richtigen Film optimal darstellen. Dadurch dokumentieren Sie nicht nur eine gro\u00dfe Kompetenz, sondern bauen auch Vertrauen auf, das f\u00fcr gute Mitarbeiter die Grundlage f\u00fcr ein Bewerbungsgespr\u00e4ch ist.<\/p>\n[\/spb_text_block] [\/spb_tab] [spb_tab title=&#8220;Argumentationsfilme&#8220; icon=&#8220;&#8220; id=&#8220;&#8220;] [spb_text_block pb_margin_bottom=&#8220;no&#8220; pb_border_bottom=&#8220;no&#8220; width=&#8220;1\/1&#8243; el_position=&#8220;first last&#8220;]\n<p>F\u00fcr Entscheidungen brauchen Mitarbeiter wie Kunden die richtigen Argumente. MSH Moovies transportieren professionelle Argumentationen schnell und nachhaltig zu Ihren Zielgruppen. Diese Filme haben einen doppelten Nutzen: Ihre Mitarbeiter k\u00f6nnen sie als Professionelle Unterst\u00fctzung nutzen und lernen gleichzeitig dadurch.<\/p>\n[\/spb_text_block] [\/spb_tab] [spb_tab title=&#8220;Corporate Filme&#8220; icon=&#8220;&#8220; id=&#8220;&#8220;] [spb_text_block pb_margin_bottom=&#8220;no&#8220; pb_border_bottom=&#8220;no&#8220; width=&#8220;1\/1&#8243; el_position=&#8220;first last&#8220;]\n<p>F\u00fcr jedes Unternehmen ist es heute absolut wichtig, dass es von den Kunden und den Mitarbeitern richtig wahrgenommen wird. Die MSH Moovies bringen Ihr Unternehmen optimal Ihrer Zielgruppen n\u00e4her. Mit einem gesch\u00e4rften Profil ver\u00e4ndern Sie die Einstellung aller, die Sie erreichen wollen, nachhaltig positiv!<\/p>\n[\/spb_text_block] [\/spb_tab] [spb_tab title=&#8220;Lehrfilme&#8220; icon=&#8220;&#8220; id=&#8220;&#8220;] [spb_text_block pb_margin_bottom=&#8220;no&#8220; pb_border_bottom=&#8220;no&#8220; width=&#8220;1\/1&#8243; el_position=&#8220;first last&#8220;]\n<p>Ein Bild sagt mehr als 1000 Worte und ein Film sagt hundertmal mehr als jedes Bild. Wir machen Bedienungsanleitungen \u00fcberfl\u00fcssig. Gedruckte Anleitungen dienen den Benutzern den Gebrauch oder die Bedienung zu erkl\u00e4ren. Doch die Nutzer von heute erwarten, dass solche Erkl\u00e4rungen auch als Film existieren.<\/p>\n<p>Von der Bedienung einer Maschine, Nutzung komplexer Software bis zur Anleitung f\u00fcr den Aufbau eines Schrankes kann ein guter Lehrfilm alles vermitteln. Er gibt Mitarbeitern und Kunden eine hohe Sicherheit. Gemeinsam mit Ihnen konzeptioniert und produziert MSH Digital Lehrfilme, die Nutzern alles auf spannende und verst\u00e4ndliche Art erkl\u00e4ren.<\/p>\n[\/spb_text_block] [\/spb_tab] [\/spb_tabs] [blank_spacer height=&#8220;100px&#8220; width=&#8220;1\/1&#8243; el_position=&#8220;first last&#8220;] [spb_row wrap_type=&#8220;content-width&#8220; row_bg_type=&#8220;color&#8220; row_bg_color=&#8220;#f5f5f5&#8243; color_row_height=&#8220;content-height&#8220; bg_type=&#8220;cover&#8220; parallax_image_height=&#8220;content-height&#8220; parallax_image_movement=&#8220;fixed&#8220; parallax_image_speed=&#8220;0.5&#8243; parallax_video_height=&#8220;window-height&#8220; parallax_video_overlay=&#8220;none&#8220; row_overlay_opacity=&#8220;0&#8243; row_padding_vertical=&#8220;0&#8243; row_padding_horizontal=&#8220;0&#8243; row_margin_vertical=&#8220;0&#8243; remove_element_spacing=&#8220;no&#8220; inner_column_height=&#8220;col-natural&#8220; width=&#8220;1\/1&#8243; el_position=&#8220;first last&#8220;] [fullwidth_text alt_background=&#8220;none&#8220; width=&#8220;1\/1&#8243; el_position=&#8220;first last&#8220;]\n<h1 style=\"text-align: center;\">Warum unsere Moovies besser sind<\/h1>\n[\/fullwidth_text] [spb_text_block title=&#8220;GREENSCREEN&#8220; pb_margin_bottom=&#8220;no&#8220; pb_border_bottom=&#8220;no&#8220; width=&#8220;1\/3&#8243; el_position=&#8220;first&#8220;]\n<p style=\"text-align: center;\"><img loading=\"lazy\" class=\"size-thumbnail wp-image-418 aligncenter\" src=\"https:\/\/www.mshdigital.de\/wp-content\/uploads\/2020\/10\/greenscreen-150x150.png\" alt=\"\" width=\"150\" height=\"150\" srcset=\"https:\/\/www.mshdigital.de\/wp-content\/uploads\/2020\/10\/greenscreen-150x150.png 150w, https:\/\/www.mshdigital.de\/wp-content\/uploads\/2020\/10\/greenscreen-300x300.png 300w, https:\/\/www.mshdigital.de\/wp-content\/uploads\/2020\/10\/greenscreen-768x768.png 768w, https:\/\/www.mshdigital.de\/wp-content\/uploads\/2020\/10\/greenscreen-1024x1024.png 1024w, https:\/\/www.mshdigital.de\/wp-content\/uploads\/2020\/10\/greenscreen-250x250.png 250w, https:\/\/www.mshdigital.de\/wp-content\/uploads\/2020\/10\/greenscreen.png 1200w\" sizes=\"(max-width: 150px) 100vw, 150px\" \/><br \/>\nWir nutzen die Greenscreen-Technik. Sie erm\u00f6glicht es uns, Gegenst\u00e4nde oder Personen nachtr\u00e4glich vor einen Hintergrund zu setzen, der entweder eine reale Filmaufnahme oder eine Computergrafik enthalten kann.<\/p>\n[\/spb_text_block] [spb_text_block title=&#8220;VIRTUELLE WELTEN&#8220; pb_margin_bottom=&#8220;no&#8220; pb_border_bottom=&#8220;no&#8220; width=&#8220;1\/3&#8243;]\n<p style=\"text-align: center;\"><img loading=\"lazy\" class=\"size-thumbnail wp-image-420 aligncenter\" src=\"https:\/\/www.mshdigital.de\/wp-content\/uploads\/2020\/10\/virtuelle_welten-150x150.png\" alt=\"\" width=\"150\" height=\"150\" srcset=\"https:\/\/www.mshdigital.de\/wp-content\/uploads\/2020\/10\/virtuelle_welten-150x150.png 150w, https:\/\/www.mshdigital.de\/wp-content\/uploads\/2020\/10\/virtuelle_welten-300x300.png 300w, https:\/\/www.mshdigital.de\/wp-content\/uploads\/2020\/10\/virtuelle_welten-768x768.png 768w, https:\/\/www.mshdigital.de\/wp-content\/uploads\/2020\/10\/virtuelle_welten-1024x1024.png 1024w, https:\/\/www.mshdigital.de\/wp-content\/uploads\/2020\/10\/virtuelle_welten-250x250.png 250w, https:\/\/www.mshdigital.de\/wp-content\/uploads\/2020\/10\/virtuelle_welten.png 1200w\" sizes=\"(max-width: 150px) 100vw, 150px\" \/><br \/>\nWir erstellen Ihnen ein Fernseh<a title=\"Fernsehstudio\" href=\"https:\/\/de.wikipedia.org\/wiki\/Fernsehstudio\">&#8211;<\/a> oder ein Filmstudio, das mit Hilfe von Bluescreen- bzw. Greenscreen-Technik aufgebaut wird. Daf\u00fcr verwenden wir 3D-Grafiken , um den Zuschauern den Eindruck einer echten Kulisse zu geben. Unsere Avatare k\u00f6nnen in jeder virtuellen Umgebung agieren. Ihren W\u00fcnschen sind dabei keine Grenzen gesetzt!<\/p>\n[\/spb_text_block] [spb_text_block title=&#8220;DARSTELLER&#8220; pb_margin_bottom=&#8220;no&#8220; pb_border_bottom=&#8220;no&#8220; width=&#8220;1\/3&#8243; el_position=&#8220;last&#8220;]\n<p><img loading=\"lazy\" class=\"size-thumbnail wp-image-423 aligncenter\" src=\"https:\/\/www.mshdigital.de\/wp-content\/uploads\/2020\/10\/darsteller-150x150.jpg\" alt=\"\" width=\"150\" height=\"150\" srcset=\"https:\/\/www.mshdigital.de\/wp-content\/uploads\/2020\/10\/darsteller-150x150.jpg 150w, https:\/\/www.mshdigital.de\/wp-content\/uploads\/2020\/10\/darsteller-300x300.jpg 300w, https:\/\/www.mshdigital.de\/wp-content\/uploads\/2020\/10\/darsteller-768x768.jpg 768w, https:\/\/www.mshdigital.de\/wp-content\/uploads\/2020\/10\/darsteller-1024x1024.jpg 1024w, https:\/\/www.mshdigital.de\/wp-content\/uploads\/2020\/10\/darsteller-250x250.jpg 250w, https:\/\/www.mshdigital.de\/wp-content\/uploads\/2020\/10\/darsteller.jpg 1200w\" sizes=\"(max-width: 150px) 100vw, 150px\" \/><\/p>\n<p style=\"text-align: center;\">Wir drehen mit realen Darstellern oder erstellen einen Avatar nach Ihren W\u00fcnschen. Die MSH Digital\u00a0ist Spezialist im Erstellen von 3D-Charakteren.<\/p>\n[\/spb_text_block] [blank_spacer height=&#8220;50px&#8220; width=&#8220;1\/1&#8243; el_position=&#8220;first last&#8220;] [spb_text_block title=&#8220;TONSTUDIO&#8220; pb_margin_bottom=&#8220;no&#8220; pb_border_bottom=&#8220;no&#8220; width=&#8220;1\/3&#8243; el_position=&#8220;first&#8220;]\n<p><img loading=\"lazy\" class=\"size-thumbnail wp-image-425 aligncenter\" src=\"https:\/\/www.mshdigital.de\/wp-content\/uploads\/2020\/10\/TONSTUDIO-150x150.png\" alt=\"\" width=\"150\" height=\"150\" srcset=\"https:\/\/www.mshdigital.de\/wp-content\/uploads\/2020\/10\/TONSTUDIO-150x150.png 150w, https:\/\/www.mshdigital.de\/wp-content\/uploads\/2020\/10\/TONSTUDIO-300x300.png 300w, https:\/\/www.mshdigital.de\/wp-content\/uploads\/2020\/10\/TONSTUDIO-768x768.png 768w, https:\/\/www.mshdigital.de\/wp-content\/uploads\/2020\/10\/TONSTUDIO-1024x1024.png 1024w, https:\/\/www.mshdigital.de\/wp-content\/uploads\/2020\/10\/TONSTUDIO-250x250.png 250w, https:\/\/www.mshdigital.de\/wp-content\/uploads\/2020\/10\/TONSTUDIO.png 1200w\" sizes=\"(max-width: 150px) 100vw, 150px\" \/><\/p>\n<p style=\"text-align: center;\">Wir nutzen unser eigenes Tonstudio und einen Pool von exzellenten Sprechern. Das erm\u00f6glicht es uns, Ideen schnell umzusetzen.<\/p>\n[\/spb_text_block] [spb_text_block title=&#8220;MOTION CAPTURE&#8220; pb_margin_bottom=&#8220;no&#8220; pb_border_bottom=&#8220;no&#8220; width=&#8220;1\/3&#8243;]\n<p style=\"text-align: center;\"><img loading=\"lazy\" class=\"size-thumbnail wp-image-426 aligncenter\" src=\"https:\/\/www.mshdigital.de\/wp-content\/uploads\/2020\/10\/mocap-150x150.png\" alt=\"\" width=\"150\" height=\"150\" srcset=\"https:\/\/www.mshdigital.de\/wp-content\/uploads\/2020\/10\/mocap-150x150.png 150w, https:\/\/www.mshdigital.de\/wp-content\/uploads\/2020\/10\/mocap-300x300.png 300w, https:\/\/www.mshdigital.de\/wp-content\/uploads\/2020\/10\/mocap-768x768.png 768w, https:\/\/www.mshdigital.de\/wp-content\/uploads\/2020\/10\/mocap-1024x1024.png 1024w, https:\/\/www.mshdigital.de\/wp-content\/uploads\/2020\/10\/mocap-250x250.png 250w, https:\/\/www.mshdigital.de\/wp-content\/uploads\/2020\/10\/mocap.png 1200w\" sizes=\"(max-width: 150px) 100vw, 150px\" \/><\/p>\n<p style=\"text-align: center;\">Unsere Figuren verf\u00fcgen \u00fcber \u00e4u\u00dferst realistische Mimik und Gestik. Wir arbeiten mit Motion Capture\u00a0 und Facial Motion Capture, dadurch wirken unsere Avatare so nat\u00fcrlich.<\/p>\n[\/spb_text_block] [spb_text_block title=&#8220;NACHBEARBEITUNG&#8220; pb_margin_bottom=&#8220;no&#8220; pb_border_bottom=&#8220;no&#8220; width=&#8220;1\/3&#8243; el_position=&#8220;last&#8220;]\n<p><img loading=\"lazy\" class=\"size-thumbnail wp-image-429 aligncenter\" src=\"https:\/\/www.mshdigital.de\/wp-content\/uploads\/2020\/10\/postproduction-150x150.png\" alt=\"\" width=\"150\" height=\"150\" srcset=\"https:\/\/www.mshdigital.de\/wp-content\/uploads\/2020\/10\/postproduction-150x150.png 150w, https:\/\/www.mshdigital.de\/wp-content\/uploads\/2020\/10\/postproduction-300x300.png 300w, https:\/\/www.mshdigital.de\/wp-content\/uploads\/2020\/10\/postproduction-768x768.png 768w, https:\/\/www.mshdigital.de\/wp-content\/uploads\/2020\/10\/postproduction-1024x1024.png 1024w, https:\/\/www.mshdigital.de\/wp-content\/uploads\/2020\/10\/postproduction-250x250.png 250w, https:\/\/www.mshdigital.de\/wp-content\/uploads\/2020\/10\/postproduction.png 1200w\" sizes=\"(max-width: 150px) 100vw, 150px\" \/><\/p>\n<p style=\"text-align: center;\">Unser Team \u00fcbernimmt die gesamte audio-visuelle Nachbearbeitung. In der Post Production f\u00fcgen wir gew\u00fcnschte Effekte, Grafiken und Texte sowie Soundeffekte hinzu, um Ihr Projekt abzurunden. Das umfasst auch die Optimierung f\u00fcr s\u00e4mtliche Plattformen.<\/p>\n[\/spb_text_block] [\/spb_row] [spb_slider width=&#8220;1\/1&#8243; el_position=&#8220;first last&#8220;]\n","protected":false},"excerpt":{"rendered":"<p>[spb_slider revslider_shortcode=&#8220;slider-2-1&#8243; width=&#8220;1\/1&#8243; el_position=&#8220;first last&#8220;] [fullwidth_text alt_background=&#8220;none&#8220; width=&#8220;1\/1&#8243; el_position=&#8220;first last&#8220;] Was k\u00f6nnen Filme? &nbsp; Gute Filme wirken nach au\u00dfen: Sie k\u00f6nnen Hits im Internet werden (virales Marketing) und wirken sich enorm auf den Erfolg eines Unternehmens aus. Ein guter Film kann aber auch nach innen wirken, um Mitarbeitern \u00c4ngste zu nehmen und Vertrauen zu schaffen. Nat\u00fcrlich unterst\u00fctzen die Filme auch\u00a0 [&hellip;]<\/p>\n","protected":false},"author":1,"featured_media":0,"parent":0,"menu_order":0,"comment_status":"closed","ping_status":"closed","template":"","meta":[],"_links":{"self":[{"href":"https:\/\/www.mshdigital.de\/index.php\/wp-json\/wp\/v2\/pages\/26"}],"collection":[{"href":"https:\/\/www.mshdigital.de\/index.php\/wp-json\/wp\/v2\/pages"}],"about":[{"href":"https:\/\/www.mshdigital.de\/index.php\/wp-json\/wp\/v2\/types\/page"}],"author":[{"embeddable":true,"href":"https:\/\/www.mshdigital.de\/index.php\/wp-json\/wp\/v2\/users\/1"}],"replies":[{"embeddable":true,"href":"https:\/\/www.mshdigital.de\/index.php\/wp-json\/wp\/v2\/comments?post=26"}],"version-history":[{"count":53,"href":"https:\/\/www.mshdigital.de\/index.php\/wp-json\/wp\/v2\/pages\/26\/revisions"}],"predecessor-version":[{"id":471,"href":"https:\/\/www.mshdigital.de\/index.php\/wp-json\/wp\/v2\/pages\/26\/revisions\/471"}],"wp:attachment":[{"href":"https:\/\/www.mshdigital.de\/index.php\/wp-json\/wp\/v2\/media?parent=26"}],"curies":[{"name":"wp","href":"https:\/\/api.w.org\/{rel}","templated":true}]}}